6
Suppose -4*j - 2*r = -520, -5*r = -j - 2*r + 144. Let w be 1 + j/3 - -3. Let t be ((-45)/(-12))/(3/w). Calculate the greatest common divisor of t and 12.
12
Let p = -18 - -21. Suppose 2*u = p*d + 25 + 1, -d = -u + 11. Calculate the highest common factor of u and 1.
1
Let g = -423 + 600. What is the highest common factor of g and 236?
59
Suppose -468 = -8*d + 6*d + 4*c, -2*d + 2*c + 466 = 0. What is the greatest common divisor of d and 29?
29
Let s(y) = 2*y**2 + y + 15. Let w be s(-3). Calculate the greatest common divisor of w and 90.
30
Suppose -5*b + 2*b = -15. Suppose -3*l = 5*w - 1428, -l = -b*l - 16. Suppose 36*y - 2628 = -37*y. Calculate the highest common factor of y and w.
36
Let k(s) = 5*s - 38. Let x be k(8). Suppose 5*q - 43 = -4*i, -3*i + 5*i - 18 = -x*q. Calculate the highest common divisor of q and 7.
7
Let z(q) = -q**3 - 11*q**2 - 16*q + 14. Let x be z(-9). Let p be (-2)/x*(11 - 3/(-3)). Calculate the greatest common divisor of p and 30.
6
Let y(w) = 9*w**2 + 10*w + 29. Let z be y(5). Calculate the highest common factor of z and 19.
19
Suppose 7 + 43 = 5*x. Suppose 0 = -3*t - k + 21 - 8, 5*t - 33 = 4*k. Let a be t*4/x - -16. Calculate the highest common factor of a and 2.
2
Let n(a) = a**3 + 12*a**2 - 34*a - 22. Let x be n(-14). What is the highest common divisor of 31 and x?
31
Let v(z) = 2*z + 24 - 5*z + 4*z. Let x be v(-14). Suppose 0 = -w + 5*j + 65, -2*w - 3*j = -5*j - 90. Calculate the greatest common divisor of w and x.
10
Suppose 0 = -3*k + 5*y + 655, -2*k + 4*y = -379 - 61. What is the highest common factor of 24 and k?
6
Suppose 429 = 68*q - 659. Suppose -4*i + 2*i = -16. What is the highest common factor of q and i?
8
Let o be 0 + (2 - (2 - 5)). Suppose -94 = -3*u - u - 2*m, -o*u - 2*m = -115. Suppose 3*c + 3 = u. What is the greatest common factor of c and 6?
6
Suppose -4*o = z - 31, -5*o + 2*z = -0*z - 29. Let b be -4*(-1)/(-14) + 268/o. Calculate the highest common divisor of b and 57.
19
Suppose 4*v + 5*l - 33 = -0*v, -3*v = -l - 1. Let x be 63/v*(-320)/(-48). Suppose 4*q - x = q. Calculate the highest common factor of q and 10.
10
Let v(w) = -2*w + 2. Let l be v(5). Let g be (-25)/(-2) + 4/l. Let s be 15/(-5) - -4 - -3. What is the greatest common divisor of s and g?
4
Let v(h) = -h**3 + 5*h**2 - 6*h + 6. Let p be v(4). Let n be p*(1 + 1) + 1. Let o = 6 + n. What is the highest common divisor of o and 3?
3
Let y(o) = o**3 - 2*o**2 + 22*o - 2. Let n be y(4). What is the greatest common divisor of 59 and n?
59
Suppose -4*k = -0 - 20. Let j be (-2)/k + 34/10. Suppose 6*v - 2*v = j*q + 302, 4*v + q = 310. Calculate the greatest common divisor of v and 11.
11
Let d(k) = 2*k - 8. Let a be d(12). Suppose -9 = -8*s + 87. Calculate the greatest common factor of a and s.
4
Let t = -40 + 70. Let i be (2 + 12)*t/7. Suppose -v - 5*j + 34 - 9 = 0, -5*v - 5*j = -185. Calculate the highest common factor of v and i.
20
Let l = 271 - 33. Let j be (l/(-18) - (-4)/18)/(-1). What is the highest common factor of 13 and j?
13
Let v = -3729 - -8223. Let f be v/63 - 4/(-6). Calculate the greatest common divisor of f and 8.
8
Let h = -16 - -37. Suppose -8*i = -9*i + 4. Suppose o - i*t - 15 - 73 = 0, o - 85 = t. Calculate the highest common factor of o and h.
21
Let q(y) = -y**3 + 14*y**2 + 12*y + 29. Let i be q(13). Calculate the highest common factor of i and 6.
6
Let j(a) = -3 - a + 4 - a**3 - 2*a - 5*a**2 + 0. Let o be j(-5). Let k be (84/o)/(3/16). Calculate the greatest common factor of k and 4.
4
Let r = -840 - -1192. What is the highest common factor of 22 and r?
22
Let o(c) = -10 + c**2 + 0*c**2 + c + 4 - 6. Let n be o(-12). Calculate the greatest common divisor of 15 and n.
15
Let i(l) = 5*l - 72. Let z be i(22). What is the highest common divisor of z and 19?
19
Let i = -27 + 49. Let f be 12/(((-168)/77)/(-8)). What is the highest common factor of i and f?
22
Let r(a) = 160*a**3 + a**2 - 1. Suppose -3*b = -2*q + 6*q - 3, -5*b + q = -5. Let t be r(b). Calculate the highest common divisor of 10 and t.
10
Suppose -10 = -p + 4*s, -5*p + 4*s - 9 = -123. Calculate the greatest common divisor of p and 156.
26
Let w be 4/3 + (-9604)/(-42). What is the highest common factor of w and 10?
10
Let u(q) = -105*q - 3. Let j be u(1). Let p = 116 + j. What is the greatest common divisor of 8 and p?
8
Let s be (-2)/3*18/12. Let d be 3 - -2 - (s + -2). Let l be (1 + 1 - 0)*20. What is the greatest common factor of l and d?
8
Suppose -11*l + 2221 = 43. Suppose 0*d - d = -18. Calculate the greatest common factor of l and d.
18
Suppose -4*d = -6*d + 28. Let n(a) = 3*a + 28. Let q be n(0). Calculate the greatest common divisor of q and d.
14
Let s(k) = -k**3 + 10*k**2 + 10*k + 14. Let u be s(11). Suppose -u*h = -h - 22. What is the greatest common factor of h and 110?
11
Let i be 151/3 + ((-14)/6 - -3). Let w = i - 49. Suppose 7 = x - 11. Calculate the highest common factor of x and w.
2
Suppose -4*h = i - 1021, -4*i - 3*h + 2*h = -4114. Calculate the highest common divisor of 42 and i.
21
Let a(n) = -26*n**3 + 6*n - 29*n**3 + 54*n**3 + 14 - 9*n**2. Let j be a(-10). Calculate the greatest common factor of j and 36.
18
Suppose a - 7 = -6. Let f be a - 2*(-11)/2. Let x be f - ((-3 - -3) + -1). What is the highest common factor of 52 and x?
13
Let q(b) = 5*b**2 - 11*b - 21. Let k be q(-17). Calculate the greatest common divisor of 9 and k.
9
Let z(s) = s**3 + 8*s**2 + s - 7. Let g = 157 + -164. Let l be z(g). What is the highest common divisor of l and 70?
35
Let m(a) = -51*a - 326. Let z be m(-12). Calculate the highest common divisor of 66 and z.
22
Let c be 2*(3 + (-11)/2). Let t be (-24)/(-32)*(c + 1). Let d(i) = 8*i**2 + 3*i. Let l be d(t). Calculate the greatest common factor of l and 9.
9
Suppose 5*z + 11 - 101 = 0. Let x be 63 + -1 - (-49)/((-833)/136). Calculate the greatest common factor of z and x.
18
Let v(o) = 645*o**2. Let y be v(-1). Let z be (-1)/(-3) + y/9. Suppose -4*a + 23 = -9. Calculate the greatest common factor of z and a.
8
Let d be (13 - 3) + (-6 - -4). What is the greatest common factor of d and 392?
8
Let x(j) = j**3 - 4*j**2 + 3*j - 6. Suppose -5*b + 0 = -25. Let t be x(b). What is the highest common factor of t and 85?
17
Let q be ((-84)/(-8) + -9)*96. Calculate the greatest common divisor of q and 27.
9
Suppose -2*q - 5*q = -28. Suppose q*k = 404 - 4. Suppose 3*l + 2*l = 5*y + 150, -4*y = -3*l + 95. What is the highest common divisor of k and l?
25
Let b(d) = d**2 + 64. Let n be (1 - 1)/((-135)/27). Let c be b(n). Calculate the highest common divisor of c and 32.
32
Let u be (-7 - -2)*(-8)/10. Let j(v) = -v**2 + 7*v + 19. Let i be j(9). Let g = 11 - i. Calculate the highest common divisor of g and u.
2
Let a be 36 + (-54)/3*(-64)/(-128). Let c(x) = -x**2 + x + 2. Let l be c(2). Let f = l - -3. Calculate the greatest common divisor of a and f.
3
Suppose 0 = 2*g - 4*g - 34. Let l be (-3 - -2)*g + 1. What is the highest common factor of 72 and l?
18
Let t = -60 - -94. Let n be (-72)/(-15) - 2/(-10). Suppose s = 3*r + t, 95 = n*s - 2*r - 49. What is the greatest common divisor of 42 and s?
14
Suppose -15*p + 28*p = 1456. Calculate the highest common divisor of 560 and p.
112
Suppose 0 = -1014*n + 1007*n + 2835. What is the greatest common divisor of n and 90?
45
Let u be (1794/(-12))/((-15)/(-6) - 3). Calculate the highest common factor of 13 and u.
13
Let m(c) = -c**3 - 7*c**2 + 8*c + 5. Let a be m(-8). Let z(l) = 8*l + 419. Let v be z(-48). Calculate the highest common factor of v and a.
5
Let c = 47 + 39. Let w = -70 + c. What is the highest common divisor of w and 12?
4
Suppose -2*k + 0 + 10 = 0, 0 = a - 2*k - 27. Calculate the highest common divisor of 37 and a.
37
Let q(r) = -r**2 - 11*r - 3. Let p = 20 + -28. Let z be q(p). What is the greatest common divisor of 63 and z?
21
Suppose k - 229 = -2*t + 72, 3*t + 4*k - 444 = 0. Calculate the greatest common divisor of t and 32.
8
Let q be -2*1/(-7) - 17848/(-644). Calculate the highest common divisor of 21 and q.
7
Let l(o) = o**2 - 22*o + 2. Let d be l(22). Suppose -5*m - d = -2*p, -4*p - 4*m - m + 34 = 0. What is the greatest common factor of p and 60?
6
Let v be (-112)/12*((-162)/(-21))/(-3). Calculate the highest common divisor of v and 312.
24
Let d(c) = 296*c - 8